
10
Let k(t) = -14*t + 56. Let v(s) = s**3 - s**2 - 15*s - 14. Let q be v(-2). Give k(q).
0
Let a(s) = -s + 4. Let x(o) = 2*o + 34. Let d(y) = y**2 - 16. Let v be d(-5). Let u be (-4 - -7)/v*-39. Let w be x(u). Calculate a(w).
-4
Let h(k) = -22*k**2 + 10*k + 14. Let y(a) = 5*a**2 - a - 5. Let v(u) = -h(u) - 4*y(u). Give v(3).
6
Let o(z) = 2*z. Let i(m) = m + 2. Let h(w) = -10*w - 7. Let c(q) = -h(q) - 3*i(q). Let d(r) = c(r) - 3*o(r). Calculate d(9).
10
Let z(i) = 6*i**2 - 33*i - 1. Let h(k) = -5*k**2 + 24*k + 1. Let n(d) = 5*h(d) + 4*z(d). What is n(-7)?
36
Let n(h) = -h**2 + h**2 - h**2 + 3937 - 4016 - 18*h. Calculate n(-11).
-2
Let o(t) = -15*t**2 + 13*t - 13. Let a(l) = 7*l**2 - 6*l + 6. Let u(k) = 9*a(k) + 4*o(k). Let j = -63 - -71. Suppose v = 10 - j. Determine u(v).
10
Suppose 40*k - 126 = 31*k. Let b(f) = -18*f - 1 + k*f - 2*f**3 + 4*f**3 - f**2 - f**3. Give b(3).
5
Let i(w) = -w**3 - 2*w. Let c be i(0). Suppose 3*o - 15 = -c*o. Suppose 0 = 4*k - z + 3 + 17, -4*k + o*z = 36. Let x(h) = h**3 + 4*h**2 - 2*h. What is x(k)?
8
Suppose 3*j + 21 - 6 = 4*k, -4*j + 5*k = 20. Let p(o) = 393*o - 3. Let a(v) = 1473*v - 12. Let g(x) = 8*a(x) - 30*p(x). What is g(j)?
24
Let v(m) = 45 + 4*m + 0*m - 46 + 9*m - 4*m. Calculate v(5).
44
Let u be (-302)/(-5) - 6/(-225)*-15. Let y(f) = -f**2 + 7*f - 7. Let r be y(5). Let n(o) = u + o**3 + 4*o**2 + 0*o**r - 10*o**2 - 66 - 5*o. Give n(7).
8
Let g(q) be the first derivative of q**4/4 + 8*q**3 + 43*q - 1083. Determine g(-24).
43
Let b(r) = -29*r**3 + 6*r**2 - 4*r + 6. Let p(o) = 39*o**3 - 6*o**2 + 5*o - 8. Let z(f) = 4*b(f) + 3*p(f). Give z(-3).
30
Let g(o) be the second derivative of -o**3/2 - 18*o**2 - 4232*o. Calculate g(-7).
-15
Let c(y) = y**3 + 11*y**2 + 9*y + 11. Let a = 9951 + -9961. Determine c(a).
21
Let s(d) = 7*d - 8. Suppose -12*t + 136 = 21*t - 62. Calculate s(t).
34
Let v(h) = -h + 5. Let o be v(6). Let p(a) = 258 + a + a**2 + 3*a + 260 - 519 - 5*a. What is p(o)?
1
Let c = -5 - -14. Let x(p) = -681*p - 4. Let l(g) = 8308*g + 49. Let r(a) = -5*l(a) - 61*x(a). What is r(c)?
8
Let q(s) be the third derivative of -s**5/60 - s**4/12 + 29*s**3/6 + 230*s**2 + 2*s. What is q(-6)?
5
Let n(s) = s**3 + 5*s**2 + 4*s - 4. Let h be -10*13/((-26)/(-15)). Let d = -79 - h. What is n(d)?
-4
Let f(v) = v + 1. Let n = -12 - -9. Let y(o) = 46*o + 11 + 34*o - 74*o. Let k be y(n). Give f(k).
-6
Let m(q) = q**2 + 2*q + 1. Let t(r) = 4*r**2 + r - 6. Let z(f) = -3*m(f) + t(f). Let k(i) = i**3 + 4*i**2 - 1. Let s be k(-3). Give z(s).
15
Let d(h) = -3*h**3 + h**2 + 2*h + 2. Let l = 13926 - 13924. Calculate d(l).
-14
Let b(h) = -18*h**2 - 15*h + 19. Let y(a) = -14*a**2 - 19*a + 17. Let t(z) = 3*b(z) - 4*y(z). Give t(-16).
5
Let d(h) = 5*h**2 + 25*h + 6. Let s be d(-4). Let z(n) = -14*n**2 + 15*n**2 - 12 - 5*n + 13*n + 5*n. Calculate z(s).
2
Let g(m) be the second derivative of -19*m**3/6 + 22*m**2 + 597*m. Give g(6).
-70
Let t(r) = 2*r**2 - 6*r - 7. Let w(p) = -37*p + 1220. Let o be w(33). Determine t(o).
1
Let r(m) = -2*m**3 - 4*m**2 + 7*m + 9. Let w = -14871 + 14867. Determine r(w).
45
Let v(a) = a**2 + 9*a + 2. Let q = 90 + -84. Let g(b) = b**2 - 11*b + 24. Let w be g(q). What is v(w)?
-16
Let v be 8/2*(-26)/(-104). Let g(u) = -v - u + u**3 + 8*u**3 + 6*u**3. Suppose -2*m + 2 = 4. Calculate g(m).
-15
Let j(x) = 10*x**2 - 57*x - 2. Let s(b) = -b**2 + 8*b. Let c(u) = j(u) + 7*s(u). Calculate c(2).
8
Let x(d) = -6 - 593*d**3 + 1188*d**3 + 13*d**2 - 594*d**3. What is x(-13)?
-6
Let n(g) = g**3 - 6*g**2 + 4*g + 3. Suppose 5*d + 5*i = 2*d - 466, 4*i = -4*d - 632. Let j = -109 - d. Let c = j - 48. Calculate n(c).
-2
Let p(c) = c**3 - 7*c**2 + 7*c + 4. Let x be p(6). Suppose 0 = 105*v - 124*v + 133. Let f(u) = 0*u + v - 11*u + x*u. Determine f(5).
2
Suppose 99*a = -3*m + 95*a - 12, m + 5*a + 4 = 0. Let y(k) = 2*k**3 + 6*k**2 + k - 3. Give y(m).
-39
Let g = -160 - -163. Let z(y) = g - 13*y + 3*y - 12 + 9*y. What is z(-6)?
-3
Suppose 0 = -3*j - 4*t + 14, 9*j - t - 7 = 8*j. Let r(a) = a + 15 - 3 - j*a**2 - 11. Determine r(-2).
-25
Let d = 11 + 1. Let c(a) = -13*a**3 + 7*a**2 - 17*a - 13. Let j(r) = -15*r**3 + 6*r**2 - 18*r - 14. Let z(h) = -7*c(h) + 6*j(h). Determine z(d).
-5
Let s(c) = 3*c + 10. Let y(n) = -59*n - 32 - 14*n + 63*n. Let g(z) = -7*s(z) - 2*y(z). What is g(0)?
-6
Let c be 4 - (-35 - (-1 + -17)). Let k(b) = -b**3 + 22*b**2 - 20*b - 34. What is k(c)?
-13
Let w(o) = -963 + 971 + 17*o + 4*o**2 - 17*o. What is w(0)?
8
Suppose -126 = -3*g + 5*z, 3*g + z - 147 = -z. Let q(t) = -2 + 50*t - 5 + g*t - 144*t + 45*t. Determine q(-5).
3
Suppose -375 = -30*w + 105. Suppose -2*l + w = -4*h, -2*h - 2*l - 29 = -9. Let z(k) = 4*k + 18. Give z(h).
-6
Let h(t) = -56*t**3 - t**2 + t**2 + 55*t**3 + 0*t**2 - 3*t**2 + 5 - 9*t. Let d(u) = u**3 + 5*u**2 + 8*u - 4. Let q(i) = 5*d(i) + 6*h(i). Calculate q(4).
2
Let i(k) = 17*k + 1. Let n(y) = 15*y + 1. Let h(v) = 6*i(v) - 7*n(v). Let s(t) = t - 1. Let c(j) = -6*h(j) - 21*s(j). What is c(9)?
0
Let l be ((-5 + 5)/(-3))/(1 + 1). Let o(g) = -5 - 2*g + 0*g + l*g. What is o(-1)?
-3
Let n be (-2)/4*(-3 - 11)/(-7). Let y be 45/225*(1 + n). Let x(o) = o - 4 + 0 + 1. What is x(y)?
-3
Suppose 5*k + 48 = 2*l, 195*k + 2*l - 32 = 198*k. Let t(s) = s**3 + 8*s**2 - 11*s - 82. What is t(k)?
6
Suppose 7 = 2*u - 3*l, 0 = -10*u + 15*u + 5*l + 70. Let c(j) = j**3 + 7*j**2 - 3*j - 23. What is c(u)?
-2
Let j(n) = 2*n**2 - 67*n + 284. Suppose 0 = 2*h + 697*r - 693*r + 6, 0 = 5*r + 20. Determine j(h).
-1
Let z(n) = -n**3 - 5*n**2 + 13*n - 13. Suppose 0 = 17*c - 3148 + 768. Suppose -26*w + c = -46*w. What is z(w)?
-6
Let c(j) = j**3 + j**2. Suppose 7*t + t - 40 = 0. Suppose 4*h + t = -4*o + 1, 3*h = 3*o - 9. Calculate c(h).
-4
Let d(v) = -5*v - 6. Let q = 7751 + -7750. What is d(q)?
-11
Let h(q) be the third derivative of q**6/120 + q**5/30 + q**4/3 + 9*q**3/2 - 2158*q**2. Determine h(-3).
-6
Let l(o) = -7*o**2 - 62*o + 170. Let d(p) = 11*p**2 + 95*p - 255. Let b(x) = 5*d(x) + 8*l(x). Determine b(-24).
13
Let h(y) = -4*y + 11. Suppose -8 = l + 4*x, -5*l + 24 = -2*l - 4*x. Let p be h(l). Let r(k) = -87*k + 191*k - 103*k. What is r(p)?
-5
Suppose 0 = -2*j - 1 + 5. Let i = -942 + 947. Let s(z) = 0 + 0 + z**j + 3 - i*z. Calculate s(6).
9
Let m(s) = 7*s - 15 + 46 - 6*s - 22 - 7. Let v(o) = -o**3 - o. Let l be v(-1). Let c = 2 - l. Determine m(c).
2
Let g(b) = b**2 + 9*b + 5. Let o be (16/6)/(12/1278). Let l = o - 192. Let p be (l/12 + (-2)/(-6))*-1. Calculate g(p).
-3
Let u(k) = k**2 + 16*k + 158 - 272 + 137. Give u(-13).
-16
Let u(t) = t**3 + 8*t**2 - 2*t - 8. Let v be (136/(-51))/(2/6). Let n be u(v). Let o(x) = 4*x + n*x + x**2 - 51 + 59 + 0*x. Calculate o(-11).
-3
Let q(o) = o**2 - 10*o - 19. Let k(d) = 2*d - 9. Let w be k(10). Determine q(w).
-8
Let p be 22/(-66) + 5/6 - 8/(-12). Let t(c) be the third derivative of 1/8*c**4 + 1/60*c**5 + 0 + 0*c + p*c**3 + 10*c**2. Calculate t(-5).
17
Let f(u) = 1947 - 5823 - 5*u + 1949 + u**2 + 1939. What is f(9)?
48
Let m(x) = -2*x**2 + 5*x - 1. Let j(g) = g**2 - 29*g + 60. Let z be j(28). Let o(v) = 3*v**2 + 4*v - 3. Let r be o(3). Let w = r - z. Determine m(w).
-13
Let w be 36/162 - (-52)/9. Let y(r) = 2*r**3 - 15*r**2 + 20*r + 3. Determine y(w).
15
Let n(t) = -t**3 + 7*t**2 + 2*t + 1. Suppose 39*k = 21*k + 36. Suppose 25 = 4*h - 2*g + 3, 5*h - 41 = -k*g. What is n(h)?
15
Let i(v) = 2*v**2 + 9*v**2 + 40 + 2*v - 77 - 10*v**2 + v**3 + 43. Determine i(0).
6
Suppose -119*p - 70*p = 9*p + 198. Let y(l) be the second derivative of -l**3/3 - l**2 - 2*l. What is y(p)?
0
Suppose -500 = -5*m - 0*m. Let l = 97 - m. Let i(u) = -1. Let p(a) = -a + 1. Let b(g) = 3*i(g) + 2*p(g). Give b(l).
5
Suppose 0 = f - 2*f - 5*j + 27, 4*j - 20 = 0. Let c(u) = -329 + u**f + 655 + 4*u - 330. Let y be (-40)/7 - 2/7. Determine c(y).
8
Let f(m) = 26*m + 120. Let y(r) = -9. Let k(h) = f(h) - y(h). Determine k(-5).
-1
Let p(o) = -o**3 - o**2 - o + 6. Let k(w) = -15*w**3 + w**2 + 2*w + 4. Let y be k(2). Let q = y - -108. Calculate p(q).
6
Let v = -11323 + 11332. Let y(b) = b**3 - 8*b**2 - 16*b + 9. What is y(v)?
-54
Suppose 0 = -21*q + 9*q + 156. Suppose 5*c + p = -p + q, -5*p + 17 = -3*c. Let l(y) = 24*y**2 - 2*y + 1. Calculate l(c).
23
Suppose -28 = 2*b + 2*b. Let p(z) be the second derivative of 4/3*z**3 - 1